 of 346304?
3
What is the hundred thousands digit of 14483488?
4
What is the hundreds digit of 475771?
7
What is the thousands digit of 1167563?
7
What is the hundreds digit of 591384?
3
What is the hundred thousands digit of 1382583?
3
What is the hundreds digit of 2670036?
0
What is the ten thousands digit of 724313?
2
What is the thousands digit of 238607?
8
What is the units digit of 323214?
4
What is the hundreds digit of 30237767?
7
What is the tens digit of 231227?
2
What is the hundreds digit of 514621?
6
What is the hundred thousands digit of 297026?
2
What is the hundreds digit of 3570591?
5
What is the units digit of 506366?
6
What is the tens digit of 75404?
0
What is the ten thousands digit of 288502?
8
What is the tens digit of 1806339?
3
What is the tens digit of 11347425?
2
What is the ten thousands digit of 1452244?
5
What is the hundred thousands digit of 5892670?
8
What is the ten thousands digit of 7755346?
5
What is the ten thousands digit of 799767?
9
What is the hundreds digit of 22106?
1
What is the units digit of 1424397?
7
What is the units digit of 317992?
2
What is the hundreds digit of 2065313?
3
What is the tens digit of 608028?
2
What is the hundred thousands digit of 2343224?
3
What is the tens digit of 622081?
8
What is the hundred thousands digit of 211779?
2
What is the thousands digit of 9283360?
3
What is the tens digit of 444195?
9
What is the hundred thousands digit of 2962872?
9
What is the thousands digit of 731086?
1
What is the hundred thousands digit of 223760?
2
What is the hundreds digit of 435608?
6
What is the hundred thousands digit of 6017131?
0
What is the units digit of 1302396?
6
What is the hundred thousands digit of 3753600?
7
What is the hundreds digit of 384137?
1
What is the hundreds digit of 429674?
6
What is the hundreds digit of 397614?
6
What is the units digit of 1961115?
5
What is the hundred thousands digit of 389043?
3
What is the tens digit of 253185?
8
What is the units digit of 146669?
9
What is the tens digit of 1729233?
3
What is the hundred thousands digit of 305166?
3
What is the millions digit of 12304049?
2
What is the units digit of 1123926?
6
What is the thousands digit of 243474?
3
What is the tens digit of 282234?
3
What is the tens digit of 4085995?
9
What is the ten thousands digit of 12115901?
1
What is the hundreds digit of 158199?
1
What is the units digit of 6916037?
7
What is the tens digit of 955822?
2
What is the hundreds digit of 4863783?
7
What is the ten thousands digit of 615978?
1
What is the hundreds digit of 9893?
8
What is the tens digit of 1244523?
2
What is the hundred thousands digit of 31428885?
4
What is the tens digit of 362481?
8
What is the units digit of 21223296?
6
What is the tens digit of 287752?
5
What is the ten thousands digit of 266015?
6
What is the units digit of 21589335?
5
What is the ten thousands digit of 20124?
2
What is the units digit of 250452?
2
What is the hundreds digit of 18209778?
7
What is the thousands digit of 60669?
0
What is the tens digit of 307042?
4
What is the units digit of 5231040?
0
What is the hundreds digit of 19077908?
9
What is the tens digit of 1240386?
8
What is the hundreds digit of 7202153?
1
What is the ten millions digit of 16065926?
1
What is the hundreds digit of 29091891?
8
What is the units digit of 887264?
4
What is the units digit of 1647258?
8
What is the ten thousands digit of 12874320?
7
What is the millions digit of 2147074?
2
What is the thousands digit of 1131974?
1
What is the units digit of 1938303?
3
What is the units digit of 353126?
6
What is the hundred thousands digit of 342942?
3
What is the units digit of 1585913?
3
What is the hundreds digit of 3862484?
4
What is the units digit of 1976099?
9
What is the hundreds digit of 597659?
6
What is the units digit of 13583269?
9
What is the hundred thousands digit of 1261715?
2
What is the hundreds digit of 68813?
8
What is the ten thousands digit of 151023?
5
What is the tens digit of 86343?
4
What is the millions digit of 16127302?
6
What is the tens digit of 2916240?
4
What is the tens digit of 228132?
3
What is the thousands digit of 453847?
3
What is the thousands digit of 2939454?
9
What is the hundreds digit of 135792?
7
What is the thousands digit of 182709?
2
What is the thousands digit of 954479?
4
What is the hundred thousands digit of 1046249?
0
What is the units digit of 63135?
5
What is the thousands digit of 51417?
1
What is the tens digit of 301086?
8
What is the hundred thousands digit of 741039?
7
What is the tens digit of 190253?
5
What is the tens digit of 202855?
5
What is the hundred thousands digit of 11640599?
6
What is the tens digit of 1105914?
1
What is the units digit of 503730?
0
What is the units digit of 2252034?
4
What is the ten thousands digit of 4098747?
9
What is the hundred thousands digit of 261373?
2
What is the hundred thousands digit of 1221164?
2
What is the units digit of 1175394?
4
What is the hundreds digit of 2013407?
4
What is the millions digit of 1012567?
1
What is the hundreds digit of 3021185?
1
What is the thousands digit of 566280?
6
What is the hundred thousands digit of 3552764?
5
What is the thousands digit of 222751?
2
What is the millions digit of 2528888?
2
What is the hundreds digit of 279218?
2
What is the tens digit of 155905?
0
What is the thousands digit of 978478?
8
What is the hundreds digit of 1613766?
7
What is the units digit of 387540?
0
What is the ten thousands digit of 739707?
3
What is the tens digit of 3119209?
0
What is the hundred thousands digit of 931583?
9
What is the hundred thousands digit of 526273?
5
What is the units digit of 94116?
6
What is the thousands digit of 6094093?
4
What is the tens digit of 265185?
8
What is the thousands digit of 1943972?
3
What is the thousands digit of 124635?
4
What is the units digit of 358216?
6
What is the units digit of 848923?
3
What is the hundred thousands digit of 176294?
1
What is the millions digit of 1998934?
1
What is the millions digit of 12234285?
2
What is the hundreds digit of 24311?
3
What is the tens digit of 5620749?
4
What is the ten thousands digit of 56355?
5
What is the ten thousands digit of 586946?
8
What is the thousands digit of 16005133?
5
What is the hundreds digit of 5303158?
1
What is the millions digit of 5270057?
5
What is the hundred thousands digit of 1948449?
9
What is the hundreds digit of 1300319?
3
What is the units digit of 24132603?
3
What is the hundreds digit of 1995925?
9
What is the hundreds digit of 4340306?
3
What is the hundreds digit of 228839?
8
What is the hundreds digit of 3965341?
3
What is the hundreds digit of 343328?
3
What is the thousands digit of 3782969?
2
What is the hundreds digit of 238042?
0
What is the thousands digit of 327411?
7
What is the hundred thousands digit of 3673356?
6
What is the millions digit of 4350651?
4
What is the ten thousands digit of 1429307?
2
What is the hundreds digit of 1433257?
2
What is the units digit of 66502?
2
What is the tens digit of 963225?
2
What is the tens digit of 4217464?
6
What is the ten thousands digit of 24608852?
0
What is the hundreds digit of 1909726?
7
What is the units digit of 11909319?
9
What is the ten thousands digit of 2296583?
9
What is the thousands digit of 2393974?
3
What is the units digit of 12147032?
2
What is the units digit of 1057308?
8
What is the thousands digit of 4567499?
7
What is the tens digit of 48044?
4
What is the millions digit of 21152662?
1
What is the ten thousands digit of 963260?
6
What is the thousands digit of 3886943?
6
What is the millions digit of 4585189?
4
What is the tens digit of 1014261?
6
What is the ten thousands digit of 13341553?
4
What is the hundred thousands digit of 651894?
6
What is the hundred thousands digit of 16285670?
2
What is the thousands digit of 382913?
2
What is the hundreds digit of 169620?
6
What is the tens digit of 1264087?
8
What is the thousands digit of 954237?
4
What is the thousands digit of 3572800?
2
What is the millions digit of 6520981?
6
What is the tens digit of 1882717?
1
What is the hundred thousands digit of 745952?
7
What is the hundred thousands digit of 7600787?
6
What is the ten thousands digit of 255384?
5
What is the hun